{"id":26,"date":"2017-11-08T15:10:14","date_gmt":"2017-11-08T14:10:14","guid":{"rendered":"http:\/\/wp3.ipk.fraunhofer.de\/?page_id=26"},"modified":"2018-04-27T13:42:41","modified_gmt":"2018-04-27T11:42:41","slug":"kennzahlenbenchmarking-fuer-kmu","status":"publish","type":"page","link":"https:\/\/izb.ipk.fraunhofer.de\/?page_id=26&lang=de","title":{"rendered":"Kennzahlenbenchmarking f\u00fcr KMU"},"content":{"rendered":"<p>Wir bieten Kleinen und Mittleren Unternehmen (KMU) aus allen Branchen die M\u00f6glichkeit, unter R\u00fcckgriff auf eine europaweit gef\u00fchrte und st\u00e4ndig aktualisierte Datenbank ein zeitsparendes und kosteng\u00fcnstiges Kennzahlen-Benchmarking durchzuf\u00fchren: den\u00a0<b>BenchmarkIndex<\/b>.<\/p>\n<p>Der BenchmarkIndex wird zur grunds\u00e4tzlichen Verbesserung der Wettbewerbsf\u00e4higkeit und Profitabilit\u00e4t von KMU eingesetzt. Er ist ein kennzahlenbasierter Datenbankvergleich, der es den Unternehmen erm\u00f6glicht, sich sowohl national als auch auf europ\u00e4ischer Ebene mit anderen Unternehmen innerhalb ihrer Branche zu vergleichen.<\/p>\n<p>Der BenchmarkIndex basiert auf der ganzheitlichen Betrachtung der Leistungen von KMU, d.h. sowohl der quantitativen als auch der qualitativen Gr\u00f6\u00dfen. Hierzu werden als quantitative Gr\u00f6\u00dfen nicht nur Managementdaten sondern auch Finanzdaten herangezogen und in den Perspektiven &#8222;Finanzen&#8220;, &#8222;Mitarbeiter&#8220;, Lernen und Entwicklung&#8220; sowie &#8222;Prozesse&#8220; strukturiert. Die qualitativen Gr\u00f6\u00dfen entstammen dem Business Excellence Model der European Foundation for Quality Management (EFQM) und werden im Rahmen einer Selbstbewertung erhoben.<\/p>\n","protected":false},"excerpt":{"rendered":"<p>Wir bieten Kleinen und Mittleren Unternehmen (KMU) aus allen Branchen die M\u00f6glichkeit, unter R\u00fcckgriff auf eine europaweit gef\u00fchrte und st\u00e4ndig aktualisierte Datenbank ein zeitsparendes und kosteng\u00fcnstiges Kennzahlen-Benchmarking durchzuf\u00fchren: den\u00a0BenchmarkIndex. Der BenchmarkIndex wird zur grunds\u00e4tzlichen Verbesserung der Wettbewerbsf\u00e4higkeit und Profitabilit\u00e4t von&#8230;<\/p>\n","protected":false},"author":1,"featured_media":0,"parent":0,"menu_order":0,"comment_status":"closed","ping_status":"closed","template":"","meta":[],"_links":{"self":[{"href":"https:\/\/izb.ipk.fraunhofer.de\/index.php?rest_route=\/wp\/v2\/pages\/26"}],"collection":[{"href":"https:\/\/izb.ipk.fraunhofer.de\/index.php?rest_route=\/wp\/v2\/pages"}],"about":[{"href":"https:\/\/izb.ipk.fraunhofer.de\/index.php?rest_route=\/wp\/v2\/types\/page"}],"author":[{"embeddable":true,"href":"https:\/\/izb.ipk.fraunhofer.de\/index.php?rest_route=\/wp\/v2\/users\/1"}],"replies":[{"embeddable":true,"href":"https:\/\/izb.ipk.fraunhofer.de\/index.php?rest_route=%2Fwp%2Fv2%2Fcomments&post=26"}],"version-history":[{"count":7,"href":"https:\/\/izb.ipk.fraunhofer.de\/index.php?rest_route=\/wp\/v2\/pages\/26\/revisions"}],"predecessor-version":[{"id":600,"href":"https:\/\/izb.ipk.fraunhofer.de\/index.php?rest_route=\/wp\/v2\/pages\/26\/revisions\/600"}],"wp:attachment":[{"href":"https:\/\/izb.ipk.fraunhofer.de\/index.php?rest_route=%2Fwp%2Fv2%2Fmedia&parent=26"}],"curies":[{"name":"wp","href":"https:\/\/api.w.org\/{rel}","templated":true}]}}